?
23
Let q(p) = 7*p**2 - 35*p + 1. List the prime factors of q(-18).
13, 223
Suppose -3*c = 4*l - 206, 3*c + 3*l - 37 = 170. List the prime factors of c.
2, 5, 7
Suppose 4*b = 3*u + 2*u + 444, 5*b - 3*u - 568 = 0. What are the prime factors of b?
2, 29
Let b be -3 + (-8 + 4 - -2). Let v(i) = -30*i - 12. Let h be v(b). Suppose -3*t = -5*f + t + 217, h = 3*f - 5*t. List the prime factors of f.
41
Let k(p) = 0*p - 3*p + 5 - 3 - 1. Let j be k(-2). Suppose -j = -3*c - 1. List the prime factors of c.
2
Suppose -j - 2*j = m - 245, 504 = 2*m - j. Suppose -3*t = -r + m, 1 = t - 4. List the prime factors of r.
2, 7, 19
Suppose -15*a + 28 = -8*a. Suppose 2*c - a*c = -430. What are the prime factors of c?
5, 43
Let w(i) = -i**3 - 3*i**2 + i + 4. Let y be w(-6). Let z = -31 + y. What are the prime factors of z?
3, 5
Suppose -6 = -3*r + 5*z - 29, -5*r - 5*z = -15. Let h be r/(2/(-6))*1. Suppose -h*l + 95 = 2*l. List the prime factors of l.
19
Let q(a) = -a**3 + 15*a**2 - 6*a - 9. List the prime factors of q(10).
431
Suppose -157 = -2*s + 41. Let d = s - 45. Let t = 98 - d. What are the prime factors of t?
2, 11
List the prime factors of 3/(-12)*-206*10*1.
5, 103
Let w = -916 + 1284. Suppose 3*i = 3*d + 325 + w, i - 2*d = 236. What are the prime factors of i?
2, 113
Suppose 5*b + 12 = -13. Let w = -1 - b. Suppose -1 - w = 5*i, i - 54 = -5*o. List the prime factors of o.
11
Let u(t) = 111*t + 123. List the prime factors of u(21).
2, 3, 409
Suppose -5*l = 3*q - 282, -11*l = 5*q - 10*l - 448. List the prime factors of q.
89
Suppose 0 = -5*p + 64 + 631. What are the prime factors of p?
139
Let q(m) = -m**2 - 23*m. Let n(a) = a**3 - 12*a**2 - 30*a + 9. Let j be n(14). List the prime factors of q(j).
2, 19
Let a(r) = r**2 + 2*r - 2. Suppose -4*k = 5*l + 52, -6*l + 4 = -5*l - 4*k. List the prime factors of a(l).
2, 23
Suppose 130*h - 116*h - 14602 = 0. What are the prime factors of h?
7, 149
Let x = 136 - 69. List the prime factors of 0 + 1 - (11 - x).
3, 19
Let i(q) = -66*q + 12. Let w be i(-5). Suppose -j - 3*r + 586 = 4*j, 0 = 3*j - 3*r - w. List the prime factors of j.
2, 29
Suppose 6*y - 9*y + 405 = 0. Let c = y - 4. Suppose -2*v + x + c = 45, -v - 3*x + 50 = 0. What are the prime factors of v?
2, 11
Suppose -25*p + 28*p + 5*i = 6091, 5*p + 3*i - 10173 = 0. List the prime factors of p.
3, 7, 97
Let r be 23 + 6*(-2)/4. Let o = 33 - r. List the prime factors of o.
13
Let h = 38 + -34. Suppose 0 = 5*p - 3*g - 115, 2*g - 14 = -h. List the prime factors of p.
2, 13
Suppose 4*c + 4 = -d + 33, 2*c = 3*d - 59. Suppose -p - b - d = -75, -2*b - 69 = -p. List the prime factors of p.
59
Suppose n - 596 = -3*b, -2*b = -4*n - 124 - 250. List the prime factors of b.
197
Suppose 3*f + 9 = -0. Let l(x) = -x**3 - 3*x**2. Let i be l(f). Suppose 3*r + i*r = 57. What are the prime factors of r?
19
What are the prime factors of ((-161)/(-28))/((-1)/(-696))?
2, 3, 23, 29
Let d = 478 - 284. Let v = -128 + d. List the prime factors of v.
2, 3, 11
Suppose 3 = -o - 3. Let k be o/(-9)*(-198)/(-4). Let s = k + -20. List the prime factors of s.
13
Let d(a) = 2*a + 8. Let o be d(-6). Let z = o - 2. List the prime factors of 6/(-4)*140/z.
5, 7
Suppose 0 = 3*m + 782 - 68. Let n = -137 - m. List the prime factors of n.
101
Let p = 307 + 270. What are the prime factors of p?
577
Let d be -72*1/((-4)/48). Suppose 3*b + 2*r - 772 = 0, -d = -5*b - 2*r + 420. What are the prime factors of b?
2
Let d(u) be the second derivative of 51/2*u**2 + 0 + 1/6*u**3 - 10*u. List the prime factors of d(0).
3, 17
Let a be ((-4)/4*18)/(-2 + 3). Let b = 18 - a. What are the prime factors of b?
2, 3
Let b = -5582 + 9389. What are the prime factors of b?
3, 47
Let v(t) = -t**2 + 10*t - 1. Let s be v(9). Suppose -11*d = -s*d + 3. Let g(c) = 9*c**2 + c - 1. List the prime factors of g(d).
7
Let h = -2367 - -3483. What are the prime factors of h?
2, 3, 31
Let k = -234 + 633. List the prime factors of k.
3, 7, 19
Let f = 2590 - 1444. List the prime factors of f.
2, 3, 191
Let k(r) = r**3 - 4*r**2 + 2*r - 4. Let j = -10 - -14. Let s be k(j). Suppose -s*b + 22 = -6. List the prime factors of b.
7
Let w(j) = 6*j + 19. Suppose -2*z + 2*i - 11 = 5*i, -2*i = -10. Let y be w(z). Let b = y - -90. What are the prime factors of b?
31
Suppose -3*v + 1557 = 4*s, 0 = -0*s - 2*s - v + 779. List the prime factors of s.
2, 3, 5, 13
Suppose 6*u - 45 = -15. Suppose -u = 4*h - 1. What are the prime factors of 45*(-4)/(-3) - h?
61
Let l(o) = -o**3 + 5*o**2 + 10*o - 8. Let h = -1 - -7. Let m be l(h). Let n = m + 2. List the prime factors of n.
2, 3
Let o = -157 + 297. Suppose 0 = -7*d - 0*d + o. List the prime factors of d.
2, 5
Suppose 3*w = -2*w - 180. Let z be w/8*(-16)/(-6). Let g = 39 + z. What are the prime factors of g?
3
Let f be 4/26 + 4215/65. Let m = -43 + f. List the prime factors of m.
2, 11
Let w = 272 - 122. Suppose n = 2*y + 73, 4*n + w = -5*y + 403. List the prime factors of n.
67
Let l be (-864)/(-5) - (174/30 - 6). Let m = -122 + l. What are the prime factors of m?
3, 17
Let b = -32 + 32. Suppose b = -6*f + 84 + 366. Suppose 0 = -3*v + 3*a + f, v - 2*a = 15 + 12. What are the prime factors of v?
23
Let f(z) = 3*z**2 - 34*z + 7. Suppose -6*q + 64 + 32 = 0. List the prime factors of f(q).
3, 7, 11
Let y(b) = 4*b**2 + 13*b - 53. What are the prime factors of y(9)?
2, 97
Suppose 114 = 4*p - 166. Let j = 26 - p. What are the prime factors of 0 + -2*j/8?
11
Let c = -10 + 21. Suppose c = -3*j - 7. List the prime factors of -28*3/j*2.
2, 7
Suppose -3*t - 813 = -2*r - 2, 0 = -4*r + 3*t + 1625. What are the prime factors of r?
11, 37
Let w = 150 + -34. Suppose 9*y + w = 11*y. What are the prime factors of y?
2, 29
Let l(w) = -80*w - 486. List the prime factors of l(-33).
2, 3, 359
List the prime factors of (-3680)/(-48)*(-66)/(-4).
5, 11, 23
Suppose 39*l = 14*l + 35675. List the prime factors of l.
1427
Let w be 0 - 525/(-4) - 33/(-44). Suppose -2*n - 20 = -w. What are the prime factors of n?
2, 7
Let i(c) = 2*c - 5 + c**2 - 9 - 11*c. What are the prime factors of i(16)?
2, 7
Let y(o) = 9*o**2 + 4*o - 10. What are the prime factors of y(-9)?
683
Let a = 37 + -34. Let m(z) = -4*z**2 + 11 - 71*z + 91*z + a*z**2. What are the prime factors of m(16)?
3, 5
Let p = 600 - 255. List the prime factors of p.
3, 5, 23
Suppose 3*y = 2*a + 2, -5*a - 4*y = -y + 26. Let o be a/10 + 6/15. List the prime factors of ((-20)/(-3) + o)*3.
2, 5
Suppose 0 = -w - 0*w + 3. Suppose -w*o + 120 = -51. List the prime factors of o.
3, 19
Let l = -4198 - -6321. List the prime factors of l.
11, 193
Let l(h) = -h + 2. Let u be l(-3). Let g = 2 + u. List the prime factors of 1/2*(3 + g).
5
List the prime factors of 721 - (7 - (-1 - (-3 - 1))).
3, 239
Let s = 41 - 19. Suppose 3*d = -5*o + 142, 4*d - s = 5*o + 214. What are the prime factors of d?
2, 3
Suppose 7*v + 402 = 10*v. Let m be v/3*33/22. Suppose 5*u - 37 = 5*z + 78, 4*u + z - m = 0. List the prime factors of u.
2, 3
Let h(f) = -f - 3. Let u be h(-7). Let s(q) = -q**2 + 5*q + 2. Let a be s(u). List the prime factors of (-4 - 1)/(a/(-12)).
2, 5
Let r(q) = 3*q**2 - q - 8. Let n be r(9). Let d = n - 105. List the prime factors of d.
11
Suppose 0 = 8*b - 38 - 2. Suppose 26 = -0*p + 2*p. Let s = b + p. What are the prime factors of s?
2, 3
Suppose 0*a + a = 2*x - 990, -2*x - 4*a = -1000. What are the prime factors of x?
2, 31
Suppose 2*d + 4*u - 5040 = 0, 2*d - 5*u - 6263 = -1241. List the prime factors of d.
2, 17, 37
Let n = 17 - 14. Suppose -2*u = u - 4*w - 1, -5*u - n*w = 8. What are the prime factors of (2 - -19) + 0 + u?
2, 5
Suppose -3*o + 8 = -22. Let a(x) = -9*x - 3 - o + 0 - 1. What are the prime factors of a(-4)?
2, 11
Let s(b) = -3*b + 26. What are the prime factors of s(-34)?
2
Let j = 2166 + -2108. What are the prime factors of j?
2, 29
Let x(w) = -115*w - 56. What are the prime factors of x(-7)?
7, 107
Let x = -20 + 23. Suppose 0 = -3*o - x*b + 180, -b + 4*b = 2*o - 125. Let z = o + -38. What are the prime factors of z?
23
Suppose 0 = 3*x - 8*x + 4*m + 3432, -3*m = -4*x + 2746. Suppose -7*v + 3*v = -x. List the prime factors of v.
2, 43
Let t = -13 - -10. Let r be (-2)/(-6)*(-18)/t. Suppose w + a - 5*a = 30, -96 = -5*w + r*a. List the prime factors of w.
2, 3
Suppose -4*h = 5*t - 58, 33 = 5*h 